. What is the greatest common factor of c and 138?
23
Let k be 360/(-20)*220/(-15). What is the greatest common factor of 4092 and k?
132
Suppose 12*p - 2 + 26 = 0. Let z(k) = -3*k**3 - 2*k**2 - 4*k - 8. Let a be z(p). Calculate the highest common divisor of a and 48.
16
Let w(j) = 659*j**3 - 18*j**2 - 4*j + 1. Let f be w(1). Calculate the greatest common divisor of f and 44.
22
Let r(x) = x**3 - 21*x**2 + 60*x - 31. Let m be r(13). Let f = m - -641. What is the greatest common divisor of 779 and f?
19
Let u(t) = 16*t - 72. Let i(q) = -q - 1. Let d(j) = 22*i(j) + 2*u(j). Let p be d(25). What is the highest common divisor of 108 and p?
12
Let n = 115 + -96. Let c = n + -14. Let l = 80 - c. Calculate the greatest common factor of l and 50.
25
Suppose -1482*j = -1488*j + 2142. What is the greatest common divisor of j and 14?
7
Let n(d) = -51*d - 1981. Let k be n(-39). What is the greatest common factor of 4348 and k?
4
Suppose 0 = b - 10 - 4. Let x = 0 + b. Let v = 1070 + -958. Calculate the greatest common divisor of v and x.
14
Suppose -69*u + 44 = -2095. Let i = 637 + -296. What is the greatest common factor of i and u?
31
Let y = 2 + 28. Let b(l) = l**2 + 21*l - 124. Let r = 69 + -95. Let t be b(r). Calculate the highest common factor of t and y.
6
Let j(d) = 8*d**2 + 2*d + 1. Let u be j(-1). Let w = -2088 + 2089. What is the greatest common divisor of w and u?
1
Suppose -3*l - 15 = 0, -66*l + 2599 = 3*o - 71*l. Calculate the greatest common divisor of o and 78.
78
Let k(y) = y**2 - 82*y + 1337. Let s be k(60). Calculate the highest common divisor of 4284 and s.
17
Let w(s) = s**2 - 8*s + 15. Let l be w(5). Suppose l = -6*c + 11*c - 95. Suppose 0 = -c*a + 13*a + 108. What is the highest common factor of 126 and a?
18
Let u be 3 + (2 - 3)/((-3)/(-3)). Let w be 18/((-4)/(-2 - u) - 0). Let g = 82 + -64. Calculate the highest common factor of w and g.
18
Let o = -68 - -164. Let b be (-21)/42 + 2942/4. Suppose 2*v - 738 = -5*f - 28, -3*v - b = -5*f. What is the greatest common factor of o and f?
48
Let v = -33 - -78. Let g = -165 + 184. Let f = g + 11. Calculate the highest common divisor of v and f.
15
Let k(w) = 5*w + 1. Let n be k(3). Let u(v) = -v + 23. Let d be u(24). Let r be (-20 + -92)*d*(-2)/(-2). Calculate the greatest common factor of n and r.
16
Let n be 3168/330*(-50)/(-8). Let x = -69 - -149. Calculate the greatest common factor of x and n.
20
Let g = 64 - 67. Let c(u) = 3*u**2 + 2*u. Let m be c(g). Suppose -2*z + 4 = i - m, -5*i + 89 = z. What is the highest common divisor of 136 and i?
17
Let r be (-444675)/700*(-20)/3. What is the highest common factor of 35 and r?
35
Let u be (4 - 2)/(6/12). Suppose u*l + l = -l. Suppose l*m + 3*v - 135 = -2*m, 4*m + v - 295 = 0. What is the highest common divisor of 50 and m?
25
Let x(f) = -5*f + 0*f + 31 + 4*f. Let a(p) = -103*p - 1566. Let s be a(-15). Let b be x(s). What is the highest common divisor of b and 130?
26
Let v = 18394 - 1534. Calculate the greatest common factor of v and 60.
60
Let u be (-3 - -2)/(-2*2/(-332)). Let d = u - -343. Calculate the highest common divisor of d and 20.
20
Suppose 3*d + 199 = 2*w, -5*w + 379 = 2*d - 147. Let y = w - 76. What is the highest common factor of 7 and y?
7
Let j(z) = 342*z - 167. Let v be j(1). What is the greatest common divisor of 245 and v?
35
Let z be (9/(-12))/(-1) + (-218)/(-8). Let w(d) = -15*d - 4. Let y = -19 - -15. Let t be w(y). Calculate the highest common divisor of t and z.
28
Let k = 5889 + -5798. What is the highest common divisor of k and 923?
13
Suppose -296 = -4*f + 5*f + b, 0 = 2*f + 5*b + 601. Let s = 1656 + f. Calculate the greatest common factor of s and 29.
29
Let a(z) = -3*z**3 + 56*z**2 - 231*z - 21. Let q be a(9). Calculate the greatest common divisor of q and 20169.
249
Suppose -6*o + 476 = -o - x, 0 = 2*o + x - 196. Suppose 11*c - 13*c + 23 = n, -4*n = 3*c - 32. Calculate the highest common factor of o and c.
12
Let y be (1020/8)/5 + 54/36. Calculate the highest common divisor of 51 and y.
3
Let f(r) = r**3 - r**2 + 8*r - 45. Let g be f(3). Let y be -9 + 39 - (-2 + g). Calculate the greatest common factor of 7 and y.
7
Let o be 4/(-14) + (3488/56)/1. Suppose o = 2*h - 0*h + 2*d, -2*h + d + 50 = 0. Calculate the highest common divisor of 63 and h.
9
Suppose -816*i - 3240 = -846*i. Let m(x) = -x**3 - 8*x**2 - 2*x - 4. Let h be m(-8). Calculate the highest common divisor of i and h.
12
Let n(f) = -8*f + 205. Let s be n(-42). Let b = -421 + s. Calculate the greatest common divisor of 320 and b.
40
Let p = 1760 - -20391. What is the highest common divisor of 68 and p?
17
Suppose 2*u - 10 = -4. Let h be (3 - -1)/(-3 - (3 - 4)). Let n be (-1 - h/u)*(-14 - 43). What is the greatest common divisor of n and 1?
1
Suppose 0 = -c - 2*k + 940, -4*k - k + 30 = 0. Calculate the greatest common factor of c and 348.
116
Let w = 162 + 111. Let i = 482 - w. Calculate the greatest common factor of 38 and i.
19
Let o(b) = -2*b**2 - 52*b + 400. Let u be o(6). Let t be 90 + -1 + 2/(-2). What is the highest common factor of u and t?
8
Suppose 1122 = 4*h - 510. Let v be 30/(-7) - 14/(-49). Let m be v/8*4 - -53. What is the greatest common factor of h and m?
51
Let z = 1138 - 1123. Calculate the highest common factor of z and 2055.
15
Suppose -4*q + 8*q = 924. Suppose -o - 2*z + 4*z + 20 = 0, 3*z = -5*o + 61. Suppose 0 = -5*x - o + 119. Calculate the highest common factor of x and q.
21
Suppose 164*l = -57*l + 19*l + 72114. Calculate the greatest common factor of 21 and l.
21
Let u = 90 + -74. Suppose 0*q = 4*q - u. Suppose o - h = 225, -5*o - q*h + 1586 = 506. What is the highest common divisor of 20 and o?
20
Suppose -3*z - 2*j + 25 = 0, 2*j = -2*z + 3*j + 19. Suppose -z*s + 10*s = 85. Calculate the highest common divisor of s and 5.
5
Let m be 8/(-12)*(-6 - 273). Calculate the greatest common divisor of m and 1984.
62
Suppose -a + 515 = 359. Calculate the highest common divisor of a and 897.
39
Suppose -199*k + 9120 = -123*k. What is the greatest common divisor of 3630 and k?
30
Let x be (-10)/40 - (-7)/(-4). Let p be (x - -2) + -4 + 7. Suppose f = d - p*d, 4*d + 12 = 4*f. What is the greatest common divisor of 9 and f?
1
Suppose 23 = 3*l - 4*i - 24, 4*l - 64 = 5*i. Let s be (l/12)/((-4)/464). Let x = 287 + s. What is the greatest common factor of x and 56?
28
Let a(b) = -b**3 - b**2 + 3. Suppose 2*c = q + 2*q - 8, -2*c - 2 = 0. Let x be a(q). Let j = x + 16. What is the greatest common factor of 2 and j?
1
Let p be ((-3)/1)/(-9) + 141/9. Suppose 16*j - 928 = p. Suppose -5*c = -2*q - 451, -2*c - q + 243 = j. Calculate the highest common divisor of c and 14.
7
Let x(u) = -u**3 + 5*u**2 + 9*u - 12. Let g be x(-4). Let h = 1325 - 1285. What is the highest common divisor of h and g?
8
Let l(n) = -14*n + 3139. Let x be l(43). What is the highest common factor of 177 and x?
59
Suppose 6*s = -2*n + 5*s + 52, -n + 4*s = -8. Let t = 107 - -13. Calculate the greatest common divisor of t and n.
24
Let m(w) = w**2 - 14*w + 50. Let u be m(7). Let a = 5 - u. Suppose -29*f + 16 = -28*f. Calculate the highest common divisor of a and f.
4
Let g(h) = -h**3 - 11*h**2 - 11*h + 11. Let k be g(-11). Suppose k = -5*i + 197. Calculate the highest common divisor of 247 and i.
13
Let z = -90 + 94. Suppose a + 31 = 2*c, -5*c + z*a = 5*a - 67. Suppose 0*j = -8*j + 112. Calculate the greatest common factor of c and j.
14
Let t = 575 - 583. Let f be t/(-18) + (-5440)/(-153). Calculate the greatest common divisor of f and 144.
36
Let i = 135 + 19. Suppose 4*f - 170 = -2*w, f - 5*w + 10 = 69. Calculate the highest common divisor of i and f.
22
Let f(k) = 17*k + 1506. Let q be f(-9). What is the highest common factor of 264 and q?
33
Let l(y) = -5*y**3 + 50*y**2 + 10*y - 51. Let k be l(10). What is the greatest common factor of k and 1519?
49
Let p(h) = 5*h**2 - h - 1. Let q be p(1). Suppose 2*j + 10 = m, -5*m + 3*m + q*j = -23. Let l = -123 + 299. What is the highest common divisor of m and l?
16
Suppose 3*j - 96 = 2*v, 5*j - 129*v = -134*v + 110. Calculate the greatest common divisor of j and 1876.
28
Let s be -1 + -2 + 60 + 1. Suppose -4*b + s + 662 = 0. Let y(p) = p**3 + p**2 + 8*p + 12. Let h be y(3). What is the greatest common factor of b and h?
36
Suppose -75